en 1098 is divided by 84.
6
Calculate the remainder when 157 is divided by 40.
37
Calculate the remainder when 71 is divided by 34.
3
Calculate the remainder when 836 is divided by 125.
86
Calculate the remainder when 138 is divided by 64.
10
What is the remainder when 7844 is divided by 61?
36
Calculate the remainder when 230 is divided by 33.
32
Calculate the remainder when 2988 is divided by 273.
258
What is the remainder when 3021 is divided by 57?
0
Calculate the remainder when 177 is divided by 30.
27
What is the remainder when 386 is divided by 78?
74
What is the remainder when 1263 is divided by 158?
157
Calculate the remainder when 83 is divided by 15.
8
What is the remainder when 26 is divided by 10?
6
Calculate the remainder when 428 is divided by 134.
26
What is the remainder when 381 is divided by 28?
17
What is the remainder when 715 is divided by 217?
64
Calculate the remainder when 67 is divided by 23.
21
What is the remainder when 249 is divided by 36?
33
Calculate the remainder when 125 is divided by 43.
39
Calculate the remainder when 51 is divided by 40.
11
Calculate the remainder when 243 is divided by 49.
47
Calculate the remainder when 94656 is divided by 38.
36
What is the remainder when 207 is divided by 35?
32
Calculate the remainder when 91 is divided by 35.
21
What is the remainder when 2805 is divided by 28?
5
Calculate the remainder when 987 is divided by 66.
63
What is the remainder when 167 is divided by 22?
13
What is the remainder when 509 is divided by 10?
9
What is the remainder when 139 is divided by 42?
13
Calculate the remainder when 324 is divided by 7.
2
Calculate the remainder when 175 is divided by 96.
79
What is the remainder when 946 is divided by 219?
70
Calculate the remainder when 181 is divided by 66.
49
What is the remainder when 94 is divided by 27?
13
What is the remainder when 1244 is divided by 156?
152
Calculate the remainder when 636 is divided by 64.
60
What is the remainder when 235 is divided by 26?
1
Calculate the remainder when 41 is divided by 35.
6
Calculate the remainder when 121 is divided by 4.
1
Calculate the remainder when 1496 is divided by 75.
71
What is the remainder when 359 is divided by 120?
119
Calculate the remainder when 21919 is divided by 20.
19
Calculate the remainder when 102 is divided by 13.
11
What is the remainder when 406 is divided by 80?
6
Calculate the remainder when 49 is divided by 28.
21
Calculate the remainder when 69 is divided by 15.
9
What is the remainder when 16 is divided by 11?
5
What is the remainder when 1142 is divided by 470?
202
What is the remainder when 393 is divided by 59?
39
What is the remainder when 599 is divided by 262?
75
Calculate the remainder when 257 is divided by 7.
5
Calculate the remainder when 305 is divided by 102.
101
Calculate the remainder when 112 is divided by 31.
19
What is the remainder when 403 is divided by 34?
29
What is the remainder when 83 is divided by 23?
14
Calculate the remainder when 3914 is divided by 20.
14
What is the remainder when 20 is divided by 11?
9
What is the remainder when 262 is divided by 52?
2
What is the remainder when 29 is divided by 6?
5
Calculate the remainder when 1164 is divided by 16.
12
Calculate the remainder when 63 is divided by 16.
15
What is the remainder when 886 is divided by 74?
72
Calculate the remainder when 335 is divided by 34.
29
Calculate the remainder when 2850 is divided by 23.
21
What is the remainder when 320 is divided by 44?
12
What is the remainder when 2446 is divided by 43?
38
What is the remainder when 358 is divided by 45?
43
Calculate the remainder when 1240 is divided by 23.
21
Calculate the remainder when 182 is divided by 28.
14
Calculate the remainder when 27369 is divided by 15.
9
What is the remainder when 68 is divided by 9?
5
What is the remainder when 53 is divided by 33?
20
What is the remainder when 96 is divided by 35?
26
Calculate the remainder when 389 is divided by 49.
46
Calculate the remainder when 208 is divided by 34.
4
Calculate the remainder when 3786 is divided by 11.
2
Calculate the remainder when 43 is divided by 16.
11
What is the remainder when 131 is divided by 9?
5
Calculate the remainder when 1676 is divided by 73.
70
What is the remainder when 37 is divided by 33?
4
Calculate the remainder when 2032 is divided by 502.
24
What is the remainder when 1854 is divided by 35?
34
What is the remainder when 357 is divided by 334?
23
Calculate the remainder when 376 is divided by 13.
12
Calculate the remainder when 115 is divided by 18.
7
Calculate the remainder when 6838 is divided by 11.
7
What is the remainder when 361 is divided by 91?
88
What is the remainder when 199 is divided by 41?
35
Calculate the remainder when 11141 is divided by 199.
196
What is the remainder when 240 is divided by 27?
24
What is the remainder when 125 is divided by 65?
60
What is the remainder when 102 is divided by 16?
6
What is the remainder when 124 is divided by 43?
38
Calculate the remainder when 37 is divided by 14.
9
What is the remainder when 211 is divided by 25?
11
What is the remainder when 3256 is divided by 69?
13
What is the remainder when 826 is divided by 170?
146
What is the remainder when 72 is divided by 30?
12
What is the remainder when 2461 is divided by 77?
74
What is the remainder when 14049 is divided by 12?
9
What is the remainder when 193 is divided by 96?
1
Calculate the remainder when 2045 is divided by 31.
30
What is the remainder when 5815 is divided by 12?
7
What is the remainder when 2272 is divided by 454?
2
Calculate the remainder when 603 is divided by 61.
54
What is the remainder when 100 is divided by 6?
4
What is the remainder when 16 is divided by 4?
0
What is the remainder when 229 is divided by 33?
31
What is the remainder when 1343 is divided by 460?
423
What is the remainder when 417 is divided by 57?
18
What is the remainder when 3992 is divided by 332?
8
What is the remainder when 135 is divided by 59?
17
What is the remainder when 1519 is divided by 10?
9
Calculate the remainder when 1880 is divided by 111.
104
Calculate the remainder when 2715 is divided by 80.
75
Calculate the remainder when 245 is divided by 127.
118
What is the remainder when 6107 is divided by 94?
91
What is the remainder when 52 is divided by 31?
21
Calculate the remainder when 1313 is divided by 6.
5
Calculate the remainder when 578 is divided by 27.
11
What is the remainder when 1014 is divided by 29?
28
What is the remainder when 24148 is divided by 105?
103
What is the remainder when 416 is divided by 20?
16
What is the remainder when 265 is divided by 45?
40
Calculate the remainder when 132 is divided by 3.
0
Calculate the remainder when 155 is divided by 81.
74
What is the remainder when 466 is divided by 36?
34
Calculate the remainder when 184 is divided by 20.
4
Calculate the remainder when 615 is divided by 120.
15
What is the remainder when 635 is divided by 157?
7
Calculate the remainder when 56 is divided by 16.
8
What is the remainder when 2797 is divided by 29?
13
Calculate the remainder when 322 is divided by 47.
40
Calculate the remainder when 1075 is divided by 14.
11
Calculate the remainder when 1547 is divided by 82.
71
What is the remainder when 656 is divided by 94?
92
What is the remainder when 616 is divided by 14?
0
What is the remainder when 399 is divided by 111?
66
What is the remainder when 138 is divided by 11?
6
What is the remainder when 41 is divided by 7?
6
Calculate the remainder when 24 is divided by 13.
11
What is the remainder when 3161 is divided by 7?
4
What is the remainder when 628 is divided by 23?
7
Calculate the remainder when 205 is divided by 99.
7
What is the remainder when 214 is divided by 25?
14
Calculate the remainder when 223 is divided by 82.
59
What is the remainder when 166 is divided by 133?
33
Calculate the remainder when 769 is divided by 259.
251
What is the remainder when 658 is divided by 12?
10
Calculate the remainder when 91 is divided by 27.
10
What is the remainder when 276 is divided by 35?
31
Calculate the remainder when 405 is divided by 394.
11
What is the remainder when 44 is divided by 1?
0
Calculate the remainder when 692 is divided by 25.
17
Calculate the rema